 (base 13) in base 11?
-3
Convert -112 (base 9) to base 4.
-1130
-11101001 (base 2) to base 14
-129
-26 (base 7) to base 16
-14
Convert 10010010 (base 2) to base 14.
a6
-35 (base 6) to base 5
-43
2 (base 13) to base 15
2
15 (base 8) to base 14
d
Convert 184 (base 9) to base 16.
9d
-5 (base 14) to base 10
-5
What is -4 (base 8) in base 7?
-4
Convert -20 (base 11) to base 3.
-211
What is -3012 (base 4) in base 11?
-170
Convert -2 (base 13) to base 10.
-2
9 (base 14) to base 16
9
What is 50 (base 7) in base 11?
32
Convert -20 (base 14) to base 10.
-28
Convert 133 (base 5) to base 8.
53
What is -231 (base 6) in base 14?
-67
What is 2 (base 15) in base 4?
2
-20 (base 10) to base 8
-24
What is -3 (base 9) in base 6?
-3
Convert -c (base 13) to base 12.
-10
-42 (base 5) to base 13
-19
What is 211 (base 8) in base 9?
162
-2 (base 15) to base 4
-2
What is -2 (base 12) in base 3?
-2
Convert -8 (base 9) to base 8.
-10
-120 (base 8) to base 2
-1010000
3 (base 10) to base 2
11
What is -1242 (base 5) in base 13?
-122
Convert -1031 (base 6) to base 5.
-1420
What is -27 (base 9) in base 16?
-19
-4 (base 8) to base 10
-4
143 (base 9) to base 15
80
-2 (base 11) to base 8
-2
What is -ba (base 14) in base 2?
-10100100
-111 (base 3) to base 16
-d
-4 (base 9) to base 13
-4
10000011 (base 2) to base 10
131
What is 5 (base 15) in base 7?
5
What is 20 (base 3) in base 10?
6
-150 (base 7) to base 3
-10010
Convert 2 (base 12) to base 5.
2
What is 5c (base 13) in base 6?
205
-d (base 16) to base 10
-13
-8 (base 11) to base 9
-8
What is -22 (base 11) in base 9?
-26
21 (base 5) to base 14
b
Convert -7 (base 14) to base 16.
-7
Convert -5 (base 13) to base 3.
-12
-14 (base 8) to base 9
-13
What is 0 (base 8) in base 10?
0
What is -4 (base 12) in base 3?
-11
Convert -1 (base 8) to base 5.
-1
What is -1111000 (base 2) in base 9?
-143
3 (base 10) to base 5
3
10 (base 3) to base 14
3
Convert 4 (base 7) to base 4.
10
-2 (base 14) to base 2
-10
2 (base 8) to base 12
2
Convert -1 (base 8) to base 9.
-1
What is 2122 (base 5) in base 11?
241
What is -620 (base 7) in base 5?
-2213
What is d (base 15) in base 3?
111
What is 38 (base 16) in base 6?
132
What is 58 (base 13) in base 9?
81
1211 (base 3) to base 9
54
-13 (base 10) to base 6
-21
5 (base 10) to base 16
5
Convert 6 (base 16) to base 15.
6
Convert 1 (base 4) to base 13.
1
What is -60 (base 11) in base 8?
-102
-2 (base 8) to base 15
-2
What is -10 (base 6) in base 7?
-6
Convert -21 (base 4) to base 16.
-9
82 (base 16) to base 3
11211
What is 7 (base 9) in base 12?
7
-231 (base 4) to base 3
-1200
-c (base 14) to base 11
-11
7 (base 8) to base 3
21
Convert -11 (base 6) to base 11.
-7
11 (base 2) to base 5
3
What is -5 (base 11) in base 14?
-5
What is 0 (base 11) in base 15?
0
Convert -101 (base 5) to base 4.
-122
What is 2 (base 7) in base 3?
2
What is 1b (base 13) in base 6?
40
Convert -100 (base 4) to base 8.
-20
72 (base 8) to base 13
46
Convert -5 (base 7) to base 3.
-12
What is 80 (base 10) in base 6?
212
What is -100010 (base 2) in base 10?
-34
Convert 1 (base 5) to base 15.
1
What is 11 (base 13) in base 10?
14
What is 73 (base 8) in base 2?
111011
Convert 61 (base 8) to base 7.
100
Convert -77 (base 11) to base 4.
-1110
Convert -70 (base 10) to base 13.
-55
What is -3 (base 6) in base 9?
-3
Convert -2b (base 16) to base 9.
-47
Convert 6 (base 7) to base 11.
6
Convert 11011 (base 2) to base 6.
43
30 (base 9) to base 13
21
Convert 17 (base 12) to base 11.
18
What is -1a4 (base 11) in base 9?
-281
What is -132 (base 7) in base 8?
-110
Convert 3 (base 5) to base 10.
3
-2 (base 4) to base 14
-2
Convert -10 (base 2) to base 5.
-2
3 (base 7) to base 8
3
What is -21 (base 5) in base 11?
-10
102 (base 3) to base 10
11
What is 10 (base 3) in base 14?
3
Convert -72 (base 9) to base 3.
-2102
110 (base 3) to base 7
15
What is 22 (base 14) in base 11?
28
-42 (base 7) to base 15
-20
What is 15 (base 15) in base 5?
40
11 (base 13) to base 2
1110
What is -28 (base 15) in base 3?
-1102
What is -3 (base 5) in base 15?
-3
-5 (base 11) to base 6
-5
What is -443 (base 5) in base 13?
-96
Convert -10000 (base 2) to base 3.
-121
What is 1114 (base 6) in base 13?
172
What is 141 (base 6) in base 15?
41
What is 4 (base 10) in base 5?
4
Convert -11011 (base 2) to base 6.
-43
What is 37 (base 8) in base 4?
133
Convert 20 (base 10) to base 4.
110
What is 9 (base 14) in base 16?
9
What is -115 (base 9) in base 15?
-65
Convert -3b (base 12) to base 15.
-32
What is 2 (base 5) in base 4?
2
What is 111100 (base 2) in base 10?
60
-2 (base 6) to base 7
-2
-2 (base 3) to base 5
-2
Convert -11 (base 8) to base 15.
-9
Convert 5 (base 9) to base 15.
5
Convert 11 (base 7) to base 3.
22
Convert 8 (base 9) to base 13.
8
What is 111 (base 2) in base 12?
7
Convert -96 (base 12) to base 4.
-1302
2 (base 6) to base 16
2
What is -123 (base 5) in base 3?
-1102
0 (base 2) to base 4
0
What is 129 (base 11) in base 4?
2120
What is -32 (base 9) in base 2?
-11101
14 (base 15) to base 2
10011
What is 21 (base 12) in base 16?
19
Convert 107 (base 8) to base 16.
47
What is -a (base 11) in base 9?
-11
Convert -13 (base 12) to base 16.
-f
19 (base 13) to base 2
10110
What is 21 (base 9) in base 16?
13
What is 20 (base 12) in base 5?
44
-2 (base 13) to base 15
-2
Convert 401 (base 9) to base 13.
1c0
Convert -135 (base 9) to base 13.
-89
-36 (base 13) to base 12
-39
2 (base 16) to base 8
2
Convert -4 (base 16) to base 9.
-4
Convert e3 (base 16) to base 10.
227
What is 1c (base 15) in base 14?
1d
What is 1 (base 9) in base 6?
1
12 (base 3) to base 9
5
Convert 1 (base 9) to base 13.
1
What is 8 (base 12) in base 8?
10
Convert -13 (base 8) to base 11.
-10
What is -3 (base 4) in base 12?
-3
Convert -15 (base 8) to base 5.
-23
5 (base 10) to base 6
5
10211 (base 3) to base 10
103
What is -2 (base 9) in base 3?
-2
0 (base 16) to base 15
0
Convert 21 (base 5) to base 4.
23
Convert 250 (base 7) to base 15.
8d
Convert -5 (base 15) to base 10.
-5
-9 (base 12) to base 7
-12
Convert -14 (base 11) to base 15.
-10
-10 (base 3) to base 5
-3
1 (base 6) to base 11
1
c (base 16) to base 6
20
What is -1 (base 5) in base 8?
-1
-9 (base 10) to base 13
-9
3 (base 8) to base 16
3
-10211 (base 3) to base 2
-1100111
24 (base 14) to base 9
35
-11 (base 12) to base 7
-16
What is 10 (base 16) in base 3?
121
Convert 13 (base 4) to base 15.
7
Convert 10 (base 11) to base 13.
b
What is -2 (base 8) in base 9?
-2
1010 (base 3) to base 6
50
cb (base 13) to base 15
b2
Convert a7 (base 11) to base 8.
165
Convert 16 (base 8) to base 5.
24
Convert -33 (base 7) to base 16.
-18
-22 (base 10) to base 9
-24
Convert -11100 (base 2) to base 8.
-34
Convert -10010111 (base 2) to base 8.
-227
Convert 10 (base 3) to base 14.
3
100 (base 15) to base 11
195
2 (base 10) to base 7
2
What is -2342 (base 5) in base 2?
-101011011
What is -1101 (base 3) in base 2?
-100101
What is -5 (base 16) in base 11?
-5
Convert -3c (base 15) to base 12.
-49
3 (base 6) to base 7
3
-234 (base 5) to base 15
-49
-2 (base 10) to base 14
-2
What is -22 (base 11) in base 10?
-24
-233 (base 5) to base 9
-75
1 (base 11) to base 13
1
What is -41 (base 9) in base 7?
-52
-100111 (base 2) to base 5
-124
11 (base 2) to base 8
3
What is -4 (base 16) in base 10?
-4
What is 40 (base 11) in base 3?
1122
Convert 11100001 (base 2) to base 15.
100
Convert -c2 (base 15) to base 13.
-110
What is 1 (base 13) in base 14?
1
325 (base 9) to base 4
10022
What is 0 (base 11) in base 6?
0
10 (base 8) to base 3
22
What is 80 (base 13) in base 12?
88
Convert 0 (base 16) to base 10.
0
Convert 1250 (base 6) to base 7.
633
What is 11 (base 8) in base 9?
10
Convert 1 (base 12) to base 7.
1
Convert 4 (base 10) to base 12.
4
What is -32 (base 4) in base 9?
-15
34 (base 6) to base 15
17
1 (base 4) to base 2
1
What is -11 (base 6) in base 12?
-7
5 (base 6) to base 2
101
Convert 3 (base 14) to base 4.
3
What is -1d (base 16) in base 5?
-104
9 (base 12) to base 3
100
What is 5 (base 16) in base 4?
11
What is -25 (base 9) in base 15?
-18
What is -411 (base 8) in base 11?
-221
What is 32 (base 5) in base 7?
23
What is -144 (base 7) in base 4?
-1101
Convert -320 (base 4) to base 13.
-44
Convert -243 (base 5) to base 16.
-49
What is -11201 (base 3) in base 15?
-87
Convert 53 (base 6) to base 